1. Determine o(j).
5
Let h(y) be the first derivative of -y**4/4 + y**3 + 3*y**2/2 + 3*y - 2. Let d = -99 + 94. Let a be d/(10/8)*(-2 + 1). Give h(a).
-1
Let v(d) = -501*d**3 + 124*d**3 + 128*d**3 + 17*d**2 + 124*d**3 + 124*d**3 + 27. What is v(17)?
27
Let b(v) be the first derivative of v**7/840 + v**6/120 + v**5/40 - 11*v**3 + 26. Let m(o) be the third derivative of b(o). Give m(-2).
-2
Let w(v) be the second derivative of 0*v**5 - 1/120*v**6 - 5/2*v**3 + 0 - 1/24*v**4 + 4*v + 2*v**2. Let z(f) be the first derivative of w(f). Determine z(0).
-15
Suppose 6*y + 12*y + 198 = 0. Let b(a) = -3*a**3 + 10*a**2 - 7*a + 9. Let w(j) = -16*j**3 + 51*j**2 - 35*j + 46. Let m(h) = y*b(h) + 2*w(h). Give m(7).
-7
Suppose 3*h + 20 = -5*j, 4*h = j + 2*j + 41. Let m(g) = -g**2 - 3*g + 27. Give m(j).
-1
Suppose -72*j + 176*j - 234 = 86*j. Let w(a) = -2*a**3 + 25*a**2 + 18*a - 63. Give w(j).
2
Let o = -5121 + 5112. Let l(q) = q**2 + 12*q + 24. Give l(o).
-3
Suppose 3*r = -19 + 25. Let j(t) = -5*t**r + 1014*t - 1014*t - 7*t**3 + 6*t**3 + 6. Let f be (4 + -2)/((-4)/10). Calculate j(f).
6
Let b be 4/34 + (-4100)/170. Let p be (2/2)/((-8)/b). Let i(f) be the second derivative of f**4/12 - f**3/2 + f**2 - 14*f + 3. Calculate i(p).
2
Let n(x) = 2*x**3 - 48*x**2 + 4*x - 102. Let y be n(24). Let b(i) = 2*i**2 + 1 - i**2 - 2*i**2 + 2 - 6*i. Calculate b(y).
3
Let n(t) = t**2 + 9*t - 2. Suppose -2*q + 340 = 22. Let j = q - 169. Calculate n(j).
8
Let j(m) = -10*m - 1. Suppose 156 = 5*x + 1151. Let o = x + 197. Give j(o).
19
Let l(j) be the third derivative of -j**5/30 + 7*j**4/24 - 3*j**3 + 1856*j**2. What is l(4)?
-22
Let q(s) be the first derivative of -s**2 + 4*s + 51. Let d(g) = 6*g. Let f be d(-1). Give q(f).
16
Let y(w) = -w**2 - 4*w + 75. Let i(u) = u**2 + 40*u - 377. Let x be i(-48). Give y(x).
-2
Let r(y) be the third derivative of 1/12*y**4 + 1/3*y**3 + 0 - 2*y**2 + 19*y. What is r(-3)?
-4
Let u(g) = g**2 + 3*g - 9. Let n be 8/3 + (-3808)/357. What is u(n)?
31
Let r(l) = 5*l + 20. Suppose 15*t = 3*p + 14*t + 13, -3 = -p + 4*t. Give r(p).
-5
Suppose 6*i - 83 = -0 + 37. Let m(w) = w**3 - 21*w**2 + 22*w + 17. Determine m(i).
57
Let u be 25 - ((5 - 7) + 10) - 10. Let f(s) = s**3 + 0*s**3 - 4*s - 10 + 0*s**2 - 6*s**2. Determine f(u).
11
Let h(r) = 0*r**2 - 2*r**2 - 2*r + 6*r + 5. Suppose -52304*x - 292 = -52377*x. Give h(x).
-11
Let b be 2/(-9) + (-8)/(-36). Let n(x) = 1 + b - 51*x + 57*x. Calculate n(1).
7
Let q(g) = -7*g**2 + 2*g - 1. Let z = -7 - -8. Let n be q(z). Let r(w) be the third derivative of w**6/120 + w**5/12 - w**4/3 - 4*w**3/3 + 730*w**2. Give r(n).
4
Suppose 53*q = 48*q + 220. Suppose q = 4*a - 2*s + s, -5*s - 40 = -2*a. Let z(g) = g**2 - 10*g - 12. Give z(a).
-12
Let h(z) = z - 7. Let m be 0/((-6)/(-2) + -5). Suppose m = -3*g + 9, -s - 14*g + 7 = -13*g. Give h(s).
-3
Let h(n) = -17*n - 1. Let x be (-66)/(-14) + (-8)/(-28). Suppose 3*b + 3*w - 82 = b, -x*w = 3*b - 121. Let v = b - 48. What is h(v)?
16
Let v(t) = 25 + 1 - 20 + 3*t. Let q = -61 - -78. Suppose -16*m = -q*m - 6. What is v(m)?
-12
Let t(q) be the second derivative of q**5/20 - 3*q**4/4 - q**3 + 4*q**2 + 4743*q. What is t(9)?
-46
Let x(h) be the third derivative of h**5/30 - 13*h**4/24 + 2*h**3 - h**2. Let b be 87 + -78 + ((-26)/7 - (-6)/(-21)). Determine x(b).
-3
Let u(k) = 0 - 7 + 15*k + 1 - 9 + k**2 + 0. Determine u(-16).
1
Let h = 8 - 7. Let b(o) be the first derivative of -4*o**2 + 6*o + 917. Determine b(h).
-2
Let f = 248 - 237. Suppose -f*m + 0*m = -33. Let z(k) = -2*k**2 + k + 1. Let x(a) = -2*a**2 + 2. Let o(q) = -4*x(q) + 5*z(q). What is o(m)?
-6
Let o be (-8)/(-6)*(-3)/(-2). Let h be 12*(o - (-20)/(-12)). Let x(k) = k**2 - 7*k + 5. Calculate x(h).
-7
Let n(k) = -2*k**2 - 10. Let w(v) = -3*v**2 - 3*v - 22. Let p(f) = 2*n(f) - w(f). Suppose -3*u - 4*s + 5 = 13, 4*u + 14 = -2*s. Calculate p(u).
-26
Let q(f) = f**3 - 14*f**2 + 14*f - 9. Let g = 102 + -97. Suppose 3*y = -5*b + 74, 0 = g*b - 3*y + y - 59. Give q(b).
4
Let v(s) = 5*s - 36. Suppose -3*x = -2*l + 8, -l + 3*x + 1 = -0*x. Calculate v(l).
-1
Let m(h) = -5*h - 10. Let f(t) = -t**2 + 14*t - 43. Let o be f(7). Let d be ((-2)/o)/(34 + -35)*-12. Calculate m(d).
10
Let v(g) = 2*g**3 + 7*g**2 - 18*g - 53. Let p be v(-4). Let b(x) = -362*x + p + 364*x + 7. Give b(-3).
4
Let u = -376 + 370. Let j(t) = t**3 + 5*t**2 - 5*t - 1. Let p(n) = n**3 + 5*n**2 - 5*n. Let m(f) = -3*j(f) + 2*p(f). Calculate m(u).
9
Let q(c) = -2*c**2 - 13*c + 20. Let d(f) = -7*f**3 + f**2 - 4*f + 2. Let n be d(1). Let z be q(n). Let t(g) = -g**3 - 3*g**2 + 2*g + 1. Calculate t(z).
9
Let g(p) = p**3 + 11*p**2 - 11*p + 13. Let h be g(-12). Let u(k) = 1. Let i(m) = 8*m + 4. Let n = 36 - 31. Let d(o) = n*u(o) - i(o). Determine d(h).
-7
Let p(y) = 45*y**2 + 497*y + 10. Let s be p(-11). Let o(v) = v**2 + 15*v + 32. Determine o(s).
-4
Let o(a) = 98*a - 77 - 114 - 18 - 126 - 52. Calculate o(4).
5
Let a(w) = -w**2 + 9*w - 6. Let s(p) = -18*p - 322. Let b be s(-18). Let h be 570/60 + (-3)/b. Give a(h).
2
Let b(o) = o**2 - o - 29. Let z(c) = -c**2 + c + 28. Let y(f) = -2*b(f) - 3*z(f). Let l = 998 - 992. Let v be y(l). Let j(w) = w**2 - 6*w + 5. What is j(v)?
-3
Let a(c) = c + 21. Let j(p) = -p**2 - 17*p + 1330. Let l be j(29). Calculate a(l).
17
Suppose 4*s = -3*x + 42, 4*s + 58*x = 66*x + 20. Let g(n) = -13*n + 128. Give g(s).
11
Let w(j) = -j**3 + j**2 + j + 14. Suppose -3*b + 5*m + 4 = -b, -24 = -4*b + 2*m. Let x(y) = y**2 + y + 2. Let z be x(-2). Suppose b*a = z*a. Determine w(a).
14
Let v(r) = -3*r**2 - 33*r + 78. Let f(d) = -d**2 - 11*d + 25. Let b(k) = 7*f(k) - 2*v(k). What is b(-11)?
19
Let v(c) = c**3 - 5*c**2 + 9*c - 53. Suppose -198*y + 252 = -260 - 478. What is v(y)?
-8
Let p(y) = 26*y**2 - 115 - 2*y**3 - 1416*y + 3*y**3 + 1385*y. What is p(-27)?
-7
Suppose 30*z - 36*z - 66 = 0. Let g(n) = -53*n + 3. Let x(b) = 19*b - 1. Let u(r) = z*x(r) - 4*g(r). What is u(-3)?
-10
Let d(z) = z + 6. Let m = -7866 + 7861. Determine d(m).
1
Let h(n) be the first derivative of -50 - 1/3*n**3 + 5/2*n**2 + 0*n. Let a be h(4). Let q(r) = r**3 - 4*r**2 - r - 5. Give q(a).
-9
Let d(f) = -3*f**3 + 2. Let t be d(0). Suppose -b - b = -t. Let m(v) = 7*v**3 + v. Calculate m(b).
8
Let t(m) = -3*m + 6. Let k(l) = l**2 - 4*l + 3. Let c be k(6). Let f = 833 + -828. Suppose 4*v + c = -f*p - 4, -p - 29 = 5*v. Determine t(v).
24
Suppose 3*j = j + 14. Let a(c) = j*c**2 + c**3 + 89 - 39 + 2*c - 41. Calculate a(-7).
-5
Suppose 45 = -7*x + 12*x. Let p(j) = j**2 - 7*j - 13. Let r(k) = -k**2 + 7*k + 15. Let i(d) = 4*p(d) + 3*r(d). Determine i(x).
11
Let i = -87 - -92. Let n be 8*(115/(-20) + i). Let m(q) = -q**2 - 5*q + 8. What is m(n)?
2
Let g(l) = l**2 - 30*l - 98. Suppose 7130*d - 63 = 7151*d. Determine g(d).
1
Let x(c) = 13*c**2 - 5*c + 5. Let v be x(1). Let j(d) = -2*d**2 + 26*d - 9. Let g be j(v). Let i(q) = -q**3 - 8*q**2 + 8*q - 13. What is i(g)?
-4
Let c(i) = 5*i**3 - 20*i**2 + 5*i + 7. Let u(a) = 17*a**3 - 65*a**2 + 14*a + 21. Let m(q) = 7*c(q) - 2*u(q). Let h = -22 + 31. Determine m(h).
-11
Let c(k) = 319*k - 64 - 109*k - 165*k. Determine c(2).
26
Let m(u) = 5*u - 75. Let t be m(13). Let d be t/(-2)*36/30. Let r(f) = -f**2 + 6*f. Calculate r(d).
0
Let j(x) = -4*x**3 + 5*x + 2. Let p be j(-2). Let i = -25 + p. Let h(c) = c + 5. Let l be h(i). Let v(m) = m**2 - 7*m - 2. Determine v(l).
-14
Let c(n) = 9*n**2 - 71*n + 13. Let i(p) = -12*p**2 + 73*p - 11. Let r(a) = 3*c(a) + 2*i(a). Determine r(22).
-5
Let x(v) be the second derivative of v**5/20 - v**4/12 - 4*v**3/3 + 5*v**2 - 1015*v. Give x(3).
4
Let a(l) = -9 - l**2 + 17036*l - 5676*l - 5671*l - 5700*l. Let q = 24 - 34. Determine a(q).
1
Suppose 0 = -5*w - j - 0*j + 30, 5*j = 4*w - 24. Let b be (w + -1)/(10/4). Let n(k) = -4*k**3 - 2*k**3 - 1 + k**b + 5*k**3 + 7*k**3 + k. What is n(1)?
7
Let r = -593 + 596. Suppose 0 = -3*y + 2*d - 0*d + 22, r*d = -3*y + 12. Let j(w) = 3*w - 5*w + 3*w - 3. Give j(y).
3
Let h(t) = -15 - 109*t + 57*t + 54*t. What is h(4)?
-7
Let h(y) = y**2 + 17*y - 85. Let c be h(4). Let d be c/1 + 55 + -47. Let v(i) = i**3 - 7*i**2 + 3*i. Calculate v(d).
21
Let f(x) = 29*x. Let t(s) = 561*s + 3928. Let n be t(-7). Give f(n).
29
Suppose -5*z = -5*r - 640, 105 = 5*z + 4*r - 490. Suppose 5*s + 19 = 3*j, 8 - 18 = -4*j - s. Le